{"id":835,"date":"2020-05-21T17:21:20","date_gmt":"2020-05-21T17:21:20","guid":{"rendered":"https:\/\/procat.uma.es\/?page_id=835"},"modified":"2025-02-07T18:58:47","modified_gmt":"2025-02-07T18:58:47","slug":"proyectos-y-publicaciones","status":"publish","type":"page","link":"https:\/\/procat.uma.es\/index.php\/proyectos-y-publicaciones\/","title":{"rendered":"Publicaciones y Referencias"},"content":{"rendered":"\n<p><\/p>\n\n\n\n<p><\/p>\n\n\n\n<h2 class=\"wp-block-heading\"><\/h2>\n\n\n\n<pre class=\"wp-block-preformatted\"><\/pre>\n\n\n\n<p><\/p>\n\n\n\n<pre class=\"wp-block-preformatted\"><\/pre>\n\n\n\n<p><\/p>\n\n\n\n<pre class=\"wp-block-preformatted\"><\/pre>\n\n\n\n<p>Cort\u00e9s, M., Molina, S., Moreira, C. A., Essounani, S., Herrera, C., Larrubia, M. A. y Alemany, L., <em>Coprocesado de materias primas renovables y reciclables de origen biog\u00e9nico en la unidad FCC<\/em>. (2024) Revista <strong>industria Qu\u00edmica<\/strong>.<\/p>\n\n\n\n<pre class=\"wp-block-preformatted\"><\/pre>\n\n\n\n<p>Molina-Ram\u00edrez, S., Peltzer, D., Cort\u00e9s-Reyes, M., Herrera, C., Larrubia, M.A., Cornaglia, L., Alemany, L.J. <em>CO<sub>2<\/sub>-SR Technology using NiBa unsupported catalyst: Isotopic Study of Cyclic process of CO<sub>2<\/sub> Storage and in situ Regeneration with CH<sub>4<\/sub>. <\/em><strong>Fuel,<\/strong> 2023, 341(1), 127690. DOI: <a href=\"https:\/\/doi.org\/10.1016\/j.fuel.2023.127690\">10.1016\/j.fuel.2023.127690<\/a>.<\/p>\n\n\n\n<pre class=\"wp-block-preformatted\"><\/pre>\n\n\n\n<p>Molina-Ramirez, S.; Peltzer D., Cortes-Reyes, M.; Herrera, C.; Larrubia, M.A.; Cornaglia L; Alemany L.J.; <strong><em>CO<sub>2<\/sub>-SR technology using NiBa unsupported catalyst. Isotopic study of cyclic process of CO<sub>2<\/sub>&nbsp;storage and in situ regeneration with CH<sub>4<\/sub><\/em> <\/strong>(2023) Fuel. 3411&nbsp; <a href=\"http:\/\/DOI10.1016\/j.fuel.2023.127690View more\">10.1016\/j.fuel.2023.127690<\/a><\/p>\n\n\n\n<pre class=\"wp-block-preformatted\"><\/pre>\n\n\n\n<p class=\"has-text-align-left\">Poggio-Fraccari E.,&nbsp; Mari\u00f1o F., Herrera C., Larrubia M.A., Alemany L.J.; <strong><em>Bi-Reforming of Biogas for Hydrogen Production with Sulfur-Resistant Multimetallic Catalyst<\/em> <\/strong>(2023). Chemical Engineering and Technology.   46 (6)1176-1184. <a href=\"https:\/\/doi.org\/10.1002\/ceat.202200525\">https:\/\/doi.org\/10.1002\/ceat.202200525<\/a>. <\/p>\n\n\n\n<pre class=\"wp-block-preformatted\"><\/pre>\n\n\n\n<p>Molina-Ramirez, S.; Cortes-Reyes, M.; Herrera, C.; Larrubia, M.A.; Alemany L.J.;  <strong><em>Comprison of Cu-CHA zeolites in the Hybryid NR-SCR catalytic system for NOx abatement in mobile sources.<\/em> <\/strong>(2023) Chemistry 5(1), pp. 602-615 <a href=\"https:\/\/doi.org\/10.3390\/chemistry5010043\">10.3390\/chemistry5010043<\/a><\/p>\n\n\n\n<pre class=\"wp-block-preformatted\"><\/pre>\n\n\n\n<p>Poggio-Fraccari, E.; Concepci\u00f3n Herrera, M. \u00c1ngeles Larrubia, Luis J.Alemany, Mari\u00f1o, F.; Laborde, M.;   <strong><em>Study of a catalytic technology for syngas\/H<sub>2<\/sub>&nbsp;production from raw biogas self-reforming in presence of sulphur. <\/em><\/strong>(2023) <a href=\"https:\/\/www.sciencedirect.com\/science\/article\/abs\/pii\/S0360319923038788\">International Journal of Hydrogen Energy. <\/a><\/p>\n\n\n\n<pre class=\"wp-block-preformatted\"><\/pre>\n\n\n\n<p>Poggio-Fraccari, E.; Mari\u00f1o, F.; Concepci\u00f3n Herrera, M. \u00c1ngeles Larrubia,  Luis J.Alemany. <em><strong>Bi-reforming of Biogas for Hydrogen production with sulfur-resistent multimetallic catalysts<\/strong><\/em> (2023) <a href=\"https:\/\/onlinelibrary.wiley.com\/doi\/10.1002\/ceat.202200525\">Chemical Enginering and Tecnology<\/a> 46(6), pp. 1176-1184.<\/p>\n\n\n\n<pre class=\"wp-block-preformatted\"><\/pre>\n\n\n\n<p class=\"has-text-align-left\">Marina Cort\u00e9s-Reyes, Sergio Molina-Ram\u00edrez, Jon A. Onrubia-Calvo, Concepci\u00f3nHerrera, M. \u00c1ngelesLarrubia, Juan R.Gonz\u00e1lez-Velasco, Luis J.Alemany. <em><strong>Structured NSR-SCR hybrid catalytic technology: Influence of operational parameters on deNO<sub>x<\/sub>&nbsp;activity<\/strong><\/em> (2022) Catalysis Today, 383, 287-298 <a rel=\"noreferrer noopener\" href=\"https:\/\/doi.org\/10.1016\/j.cattod.2021.09.013\" target=\"_blank\">https:\/\/doi.org\/10.1016\/j.cattod.2021.09.013<\/a><\/p>\n\n\n\n<pre class=\"wp-block-preformatted\"><\/pre>\n\n\n\n<p class=\"has-text-align-left has-normal-font-size\">Marina Cort\u00e9s-Reyes, Ibrahim Azaoum, Sergio Molina-Ram\u00edrez, Concepci\u00f3n Herrera, M. \u00c1ngeles Larrubia, Luis J. Alemany<strong><em> NiGa Unsupported Catalyst for CO<sub>2<\/sub>&nbsp;Hydrogenation at Atmospheric Pressure. Tentative Reaction Pathways<\/em><\/strong> (2021) Industrial and Engineering Chemistry Research,&nbsp;2021, 60(51), pp. 18891\u201318899. <a href=\"https:\/\/doi.org\/10.1021\/acs.iecr.1c03115\">https:\/\/doi.org\/10.1021\/acs.iecr.1c03115<\/a> <\/p>\n\n\n\n<pre class=\"wp-block-preformatted\"><\/pre>\n\n\n\n<p>Yuntao Gu, Silvia Marino, Marina Cort\u00e9s-Reyes, Izabela S. Pieta, Josh A. Pihl, William S. Epling  <em>I<strong>ntegration of an oxidation catalyst with Pd\/zeolite-based passive NOx Adsorbers: Impacts on degradation resistance and desorption characteristics<\/strong>.<\/em> Industrial and Engineering Chemistry Research,&nbsp;2021, 60(18), pp. 6455\u20136464. <a href=\"https:\/\/doi.org\/10.1021\/acs.iecr.0c05186\">https:\/\/doi.org\/10.1021\/acs.iecr.0c05186<\/a><\/p>\n\n\n\n<pre class=\"wp-block-preformatted\"><\/pre>\n\n\n\n<p class=\"has-text-align-left has-normal-font-size\">Molina-Ram\u00edrez, S., Cort\u00e9s-Reyes, M., Herrera, C., Larrubia, M.A., Alemany, L.J.                                                                                             <em><strong>Catalytic upgrading of ethanol to n-butanol over a novel Ca-Fe modified mixed oxide Mg-Al catalyst from hydrotalcite-base precursor<\/strong><\/em> . (2021) Catalysis Today. <a href=\"https:\/\/doi.org\/10.1016\/j.cattod.2021.07.029\">https:\/\/doi.org\/10.1016\/j.cattod.2021.07.029<\/a>                                                                 <\/p>\n\n\n\n<pre class=\"wp-block-preformatted\"><\/pre>\n\n\n\n<p class=\"has-text-align-left has-normal-font-size\">R. Gonz\u00e1lez-Gil, P. Kowalik, K.A ntoniak-Jurak, A. Lewalska-Graczyk, C. Herrera, M.A. Larrubia, P. Pieta, R. Nowakowski, I.S. Pieta, L.J. Alemany. <em><strong>The role of Lewis acidic vanadium centers in DME Steam Reforming over V-Ni catalysts<\/strong><\/em>. (2021) Chemical Engineering Journal, 423, 129996 . <a rel=\"noreferrer noopener\" href=\"https:\/\/doi.org\/10.1016\/j.cej.2021.129996\" target=\"_blank\">https:\/\/doi.org\/10.1016\/j.cej.2021.129996<\/a><\/p>\n\n\n\n<pre class=\"wp-block-preformatted\"><\/pre>\n\n\n\n<p class=\"has-text-align-left has-normal-font-size\">Cort\u00e9s-Reyes, M., Herrera, C., Larrubia, M.\u00c1., Alemany, L.J.<br><em><strong>Understanding of Soot Removal Mechanism over DeNOx-Catalysts as Passive Converters<\/strong><\/em><br>(2021) Industrial and Engineering Chemistry Research.  60, 18, 6501\u20136511. <a href=\"DOI:10.1021\/acs.iecr.0c05363\">DOI:10.1021\/acs.iecr.0c05363<\/a><\/p>\n\n\n\n<p class=\"has-text-align-left has-normal-font-size\">Cort\u00e9s-Reyes, M., Mart\u00ednez-Munuera, J.C., Herrera-Delgado, C., Larrubia, M.A., Alemany, L.J., Garc\u00eda-Garc\u00eda, A.<br><em><strong>Isotopic study of the influence of oxygen interaction and surface species over different catalysts on the soot removal mechanism <\/strong><\/em><br>(2021) Catalysis Today. <a rel=\"noreferrer noopener\" href=\"https:\/\/doi.org\/10.1016\/j.cattod.2021.07.015\" target=\"_blank\">https:\/\/doi.org\/10.1016\/j.cattod.2021.07.015<\/a><\/p>\n\n\n\n<pre class=\"wp-block-preformatted\"><\/pre>\n\n\n\n<p class=\"has-text-align-left has-normal-font-size\">Pinz\u00f3n, M., Cort\u00e9s-Reyes, M., Herrera, C., Larrubia, M.\u00c1., Alemany, L.J.<br><em><strong>Ca-based bifunctional acid-basic model-catalysts for n-butanol production from ethanol condensation<\/strong><\/em><br>(2021) Biofuels, Bioproducts and Biorefining, 15 (1), pp. 218-230. <a href=\"DOI:10.1002\/bbb.2155.\">DOI:10.1002\/bbb.2155.<\/a><\/p>\n\n\n\n<pre class=\"wp-block-preformatted\"><\/pre>\n\n\n\n<p class=\"has-text-align-left has-normal-font-size\">Cort\u00e9s-Reyes, M., Herrera, C., Larrubia, M.\u00c1., Alemany, L.J.<br><strong><em>Advance in the scaling up of a hybrid catalyst for NSR-SCR coupled systems under H2O\u2009+\u2009CO2<\/em> <em>atmosphere<\/em><\/strong><br>(2020) Catalysis Today, 356, pp. 292-300. <a href=\"DOI:10.1016\/j.cattod.2019.05.010\">DOI:10.1016\/j.cattod.2019.05.010<\/a><\/p>\n\n\n\n<pre class=\"wp-block-preformatted\"><\/pre>\n\n\n\n<p class=\"has-text-align-left has-normal-font-size\">Molina-Ram\u00edrez, S., Cort\u00e9s-Reyes, M., Herrera, C., Larrubia, M.A., Alemany, L.J.<br><em><strong>CO2-SR Cyclic Technology: CO2-Storage and in situ Regeneration with CH4 over a new dual function NiBa unsupported catalyst<\/strong><\/em><br>(2020) Journal of CO2 Utilization, 40, art. no. 101201. <a href=\"DOI:10.1016\/j.jcou.2020.101201\">DOI:10.1016\/j.jcou.2020.101201<\/a><\/p>\n\n\n\n<pre class=\"wp-block-preformatted\"><\/pre>\n\n\n\n<p class=\"has-text-align-left has-normal-font-size\">Granados-Fern\u00e1ndez, R., Cort\u00e9s-Reyes, M., Poggio-Fraccari, E., Herrera, C., Larrubia, M.\u00c1., Alemany, L.J.<br><strong><em>Biomass catalytic gasification performance over unsupported Ni-Ce catalyst for high-yield hydrogen production<\/em><\/strong><br>(2020) Biofuels, Bioproducts and Biorefining, 14 (1), pp. 20-29. <a href=\"DOI:10.1002\/bbb.2002\">DOI:10.1002\/bbb.2002<\/a><\/p>\n\n\n\n<pre class=\"wp-block-preformatted\"><\/pre>\n\n\n\n<p class=\"has-text-align-left has-normal-font-size\">Dom\u00ednguez-Barroso, V., Herrera, C., Larrubia, M.\u00c1., Alemany, L.J.<br><em><strong>Coupling of glycerol-APR and in situ hydrodeoxygenation of fatty acid to produce hydrocarbons<\/strong><\/em><br>(2019) Fuel Processing Technology, 190, pp. 21-28. <a href=\"DOI:10.1016\/j.fuproc.2019.03.011\">DOI:10.1016\/j.fuproc.2019.03.011<\/a><\/p>\n\n\n\n<pre class=\"wp-block-preformatted\"><\/pre>\n\n\n\n<p class=\"has-text-align-left has-normal-font-size\">Gonz\u00e1lez-Gil, R., Herrera, C., Larrubia, M.\u00c1., Kowalik, P., Pieta, I.S., Alemany, L.J.<br><em><strong>Hydrogen production by steam reforming of DME over Ni-based catalysts modified with vanadium<\/strong><\/em><br>(2016) International Journal of Hydrogen Energy, 41 (43), pp. 19781-19788. DOI: 10.1016\/j.ijhydene.2016.05.074<\/p>\n\n\n\n<pre class=\"wp-block-preformatted\"><\/pre>\n","protected":false},"excerpt":{"rendered":"<p>Cort\u00e9s, M., Molina, S., Moreira, C. A., Essounani, S., Herrera, C., Larrubia, M. A. y Alemany, L., Coprocesado de materias [&hellip;]<\/p>\n","protected":false},"author":1,"featured_media":838,"parent":0,"menu_order":0,"comment_status":"closed","ping_status":"closed","template":"","meta":{"two_page_speed":[],"footnotes":""},"class_list":["post-835","page","type-page","status-publish","has-post-thumbnail","hentry","single-item","single-item--page"],"_links":{"self":[{"href":"https:\/\/procat.uma.es\/index.php\/wp-json\/wp\/v2\/pages\/835","targetHints":{"allow":["GET"]}}],"collection":[{"href":"https:\/\/procat.uma.es\/index.php\/wp-json\/wp\/v2\/pages"}],"about":[{"href":"https:\/\/procat.uma.es\/index.php\/wp-json\/wp\/v2\/types\/page"}],"author":[{"embeddable":true,"href":"https:\/\/procat.uma.es\/index.php\/wp-json\/wp\/v2\/users\/1"}],"replies":[{"embeddable":true,"href":"https:\/\/procat.uma.es\/index.php\/wp-json\/wp\/v2\/comments?post=835"}],"version-history":[{"count":28,"href":"https:\/\/procat.uma.es\/index.php\/wp-json\/wp\/v2\/pages\/835\/revisions"}],"predecessor-version":[{"id":1985,"href":"https:\/\/procat.uma.es\/index.php\/wp-json\/wp\/v2\/pages\/835\/revisions\/1985"}],"wp:featuredmedia":[{"embeddable":true,"href":"https:\/\/procat.uma.es\/index.php\/wp-json\/wp\/v2\/media\/838"}],"wp:attachment":[{"href":"https:\/\/procat.uma.es\/index.php\/wp-json\/wp\/v2\/media?parent=835"}],"curies":[{"name":"wp","href":"https:\/\/api.w.org\/{rel}","templated":true}]}}