{"id":580,"date":"2020-05-16T17:57:16","date_gmt":"2020-05-16T17:57:16","guid":{"rendered":"https:\/\/procat.uma.es\/?page_id=580"},"modified":"2026-01-07T09:29:31","modified_gmt":"2026-01-07T09:29:31","slug":"procat","status":"publish","type":"page","link":"https:\/\/procat.uma.es\/","title":{"rendered":"Grupo de Investigaci\u00f3n"},"content":{"rendered":"\n<div class=\"wp-block-group\"><div class=\"wp-block-group__inner-container is-layout-constrained wp-block-group-is-layout-constrained\">\n<div class=\"wp-block-columns are-vertically-aligned-center is-layout-flex wp-container-core-columns-is-layout-9d6595d7 wp-block-columns-is-layout-flex\">\n<div class=\"wp-block-column is-vertically-aligned-center is-layout-flow wp-block-column-is-layout-flow\" style=\"flex-basis:50%\">\n<figure class=\"wp-block-embed is-type-rich is-provider-twitter wp-block-embed-twitter\"><div class=\"wp-block-embed__wrapper\">\n<a class=\"twitter-timeline\" data-width=\"920\" data-height=\"1000\" data-dnt=\"true\" href=\"https:\/\/twitter.com\/ProCatUMA?ref_src=twsrc%5Etfw\">Tweets by ProCatUMA<\/a><script async src=\"https:\/\/platform.twitter.com\/widgets.js\" charset=\"utf-8\"><\/script>\n<\/div><figcaption class=\"wp-element-caption\"><img loading=\"lazy\" decoding=\"async\" width=\"150\" height=\"124\" class=\"wp-image-2166\" style=\"width: 150px;\" src=\"https:\/\/procat.uma.es\/wp-content\/uploads\/2025\/12\/image.png\" alt=\"\"><\/figcaption><\/figure>\n<\/div>\n<\/div>\n<\/div><\/div>\n\n\n\n<p><\/p>\n\n\n\n<div class=\"wp-block-columns is-layout-flex wp-container-core-columns-is-layout-9d6595d7 wp-block-columns-is-layout-flex\">\n<div class=\"wp-block-column is-vertically-aligned-center is-layout-flow wp-block-column-is-layout-flow\" style=\"flex-basis:100%\">\n<figure class=\"wp-block-gallery alignright has-nested-images columns-1 is-cropped wp-block-gallery-1 is-layout-flex wp-block-gallery-is-layout-flex\">\n<figure class=\"wp-block-image size-large is-resized is-style-default\"><a href=\"http:\/\/www.uma.es\" target=\"_blank\" rel=\" noreferrer noopener\"><img loading=\"lazy\" decoding=\"async\" width=\"640\" height=\"245\" data-id=\"909\" src=\"https:\/\/procat.uma.es\/wp-content\/uploads\/2020\/05\/logo-UMA-1.jpg\" alt=\"\" class=\"wp-image-909\" style=\"width:242px;height:auto\"\/><\/a><\/figure>\n<\/figure>\n\n\n<div class=\"wp-block-image is-style-default\">\n<figure class=\"alignright size-large is-resized\"><a href=\"https:\/\/procat.uma.es\/wp-content\/uploads\/2020\/05\/LOGO-PROCAT.jpg\"><img loading=\"lazy\" decoding=\"async\" width=\"775\" height=\"315\" src=\"https:\/\/procat.uma.es\/wp-content\/uploads\/2020\/05\/LOGO-PROCAT.jpg\" alt=\"\" class=\"wp-image-712\" style=\"aspect-ratio:2.4603879411077356;width:234px;height:auto\"\/><\/a><\/figure>\n<\/div><\/div>\n<\/div>\n\n\n\n<pre class=\"wp-block-preformatted\">             <br>                            <\/pre>\n\n\n\n<pre class=\"wp-block-preformatted\"><\/pre>\n\n\n\n<div class=\"wp-block-group\"><div class=\"wp-block-group__inner-container is-layout-flow wp-block-group-is-layout-flow\">\n<p class=\"has-text-align-left\">El Grupo de Investigaci\u00f3n <strong><a href=\"https:\/\/portaldelainvestigacion.uma.es\/grupos\/70117\/detalle\">Tecnolog\u00edas de Procesos Catal\u00edticos<\/a><\/strong> PROCAT UMA es un Grupo de Investigaci\u00f3n consolidado que desempe\u00f1a sus actividades en sus laboratorios del Departamento de Ingenier\u00eda Qu\u00edmica de la Facultad de Ciencias de la Universidad de M\u00e1laga.<\/p>\n\n\n\n<p class=\"has-text-align-left\">Se centra en el avance y perfeccionamiento del conocimiento y el desarrollo de procesos, tecnolog\u00edas y estrategias catal\u00edticas para aplicaciones ambientales y energ\u00e9ticas. <\/p>\n\n\n\n<div class=\"wp-block-group\"><div class=\"wp-block-group__inner-container is-layout-flow wp-block-group-is-layout-flow\">\n<div class=\"wp-block-columns is-layout-flex wp-container-core-columns-is-layout-9d6595d7 wp-block-columns-is-layout-flex\">\n<div class=\"wp-block-column is-layout-flow wp-block-column-is-layout-flow\">\n<figure class=\"wp-block-embed is-type-video is-provider-youtube wp-block-embed-youtube wp-embed-aspect-16-9 wp-has-aspect-ratio\"><div class=\"wp-block-embed__wrapper\">\n<iframe loading=\"lazy\" title=\"Video Ciencias Grupo\" width=\"920\" height=\"518\" src=\"https:\/\/www.youtube.com\/embed\/KXS0ZFje8F4?feature=oembed\" frameborder=\"0\" allow=\"accelerometer; autoplay; clipboard-write; encrypted-media; gyroscope; picture-in-picture; web-share\" referrerpolicy=\"strict-origin-when-cross-origin\" allowfullscreen><\/iframe>\n<\/div><\/figure>\n<\/div>\n<\/div>\n<\/div><\/div>\n\n\n\n<p>El Grupo de investigaci\u00f3n ha generado proyectos interdisciplinares de investigaci\u00f3n, mantiene relaciones con redes nacionales e internacionales y contratos de transferencia con impacto en la comunidad acad\u00e9mica, cient\u00edfica y en el sector productivo; para resolver problemas en el \u00e1mbito industrial y generar avances en el conocimiento tecnol\u00f3gico en el \u00e1rea de la conversi\u00f3n de energ\u00eda y medioambiente.<\/p>\n<\/div><\/div>\n\n\n\n<p><\/p>\n","protected":false},"excerpt":{"rendered":"<p>El Grupo de Investigaci\u00f3n Tecnolog\u00edas de Procesos Catal\u00edticos PROCAT UMA es un Grupo de Investigaci\u00f3n consolidado que desempe\u00f1a sus actividades [&hellip;]<\/p>\n","protected":false},"author":1,"featured_media":800,"parent":0,"menu_order":0,"comment_status":"closed","ping_status":"closed","template":"","meta":{"two_page_speed":[],"footnotes":""},"class_list":["post-580","page","type-page","status-publish","has-post-thumbnail","hentry","single-item","single-item--page"],"_links":{"self":[{"href":"https:\/\/procat.uma.es\/index.php\/wp-json\/wp\/v2\/pages\/580","targetHints":{"allow":["GET"]}}],"collection":[{"href":"https:\/\/procat.uma.es\/index.php\/wp-json\/wp\/v2\/pages"}],"about":[{"href":"https:\/\/procat.uma.es\/index.php\/wp-json\/wp\/v2\/types\/page"}],"author":[{"embeddable":true,"href":"https:\/\/procat.uma.es\/index.php\/wp-json\/wp\/v2\/users\/1"}],"replies":[{"embeddable":true,"href":"https:\/\/procat.uma.es\/index.php\/wp-json\/wp\/v2\/comments?post=580"}],"version-history":[{"count":143,"href":"https:\/\/procat.uma.es\/index.php\/wp-json\/wp\/v2\/pages\/580\/revisions"}],"predecessor-version":[{"id":2196,"href":"https:\/\/procat.uma.es\/index.php\/wp-json\/wp\/v2\/pages\/580\/revisions\/2196"}],"wp:featuredmedia":[{"embeddable":true,"href":"https:\/\/procat.uma.es\/index.php\/wp-json\/wp\/v2\/media\/800"}],"wp:attachment":[{"href":"https:\/\/procat.uma.es\/index.php\/wp-json\/wp\/v2\/media?parent=580"}],"curies":[{"name":"wp","href":"https:\/\/api.w.org\/{rel}","templated":true}]}}