{"id":2192,"date":"2025-12-19T10:16:18","date_gmt":"2025-12-19T10:16:18","guid":{"rendered":"https:\/\/procat.uma.es\/?page_id=2192"},"modified":"2026-02-27T07:12:17","modified_gmt":"2026-02-27T07:12:17","slug":"proyecto-pid-2024-chritsma","status":"publish","type":"page","link":"https:\/\/procat.uma.es\/index.php\/proyecto-pid-2024-chritsma\/","title":{"rendered":"Proyecto PID-2024 CHRITSMA"},"content":{"rendered":"\n<p><\/p>\n\n\n\n<p><\/p>\n\n\n<div class=\"wp-block-image\">\n<figure class=\"alignleft size-full is-resized\"><img loading=\"lazy\" decoding=\"async\" width=\"516\" height=\"382\" src=\"https:\/\/procat.uma.es\/wp-content\/uploads\/2025\/12\/Proyecto-CHRISTMA-PID2024.png\" alt=\"\" class=\"wp-image-2112\" style=\"aspect-ratio:1.3509234828496042;width:228px;height:auto\" srcset=\"https:\/\/procat.uma.es\/wp-content\/uploads\/2025\/12\/Proyecto-CHRISTMA-PID2024.png 516w, https:\/\/procat.uma.es\/wp-content\/uploads\/2025\/12\/Proyecto-CHRISTMA-PID2024-300x222.png 300w\" sizes=\"auto, (max-width: 516px) 100vw, 516px\" \/><\/figure>\n<\/div>\n\n\n<p class=\"has-text-align-right has-tomato-color has-text-color has-link-color has-large-font-size wp-elements-6875f39942620feab42491e807a1b796\">Estrategia integrada de hidrogenaci\u00f3n en t\u00e1ndem para la <strong>conversi\u00f3n \u00fatil de CO\u2082 a metanol en arom\u00e1ticos<\/strong><\/p>\n\n\n\n<p><\/p>\n\n\n<div class=\"wp-block-image\">\n<figure class=\"aligncenter size-large is-resized\"><img loading=\"lazy\" decoding=\"async\" width=\"1024\" height=\"477\" src=\"https:\/\/procat.uma.es\/wp-content\/uploads\/2026\/02\/Esquema-ROYECTO-CHRISTMA-1-1024x477.png\" alt=\"\" class=\"wp-image-2204\" style=\"aspect-ratio:2.1467933871096556;width:549px;height:auto\" srcset=\"https:\/\/procat.uma.es\/wp-content\/uploads\/2026\/02\/Esquema-ROYECTO-CHRISTMA-1-1024x477.png 1024w, https:\/\/procat.uma.es\/wp-content\/uploads\/2026\/02\/Esquema-ROYECTO-CHRISTMA-1-300x140.png 300w, https:\/\/procat.uma.es\/wp-content\/uploads\/2026\/02\/Esquema-ROYECTO-CHRISTMA-1-768x357.png 768w, https:\/\/procat.uma.es\/wp-content\/uploads\/2026\/02\/Esquema-ROYECTO-CHRISTMA-1-600x279.png 600w, https:\/\/procat.uma.es\/wp-content\/uploads\/2026\/02\/Esquema-ROYECTO-CHRISTMA-1-800x372.png 800w, https:\/\/procat.uma.es\/wp-content\/uploads\/2026\/02\/Esquema-ROYECTO-CHRISTMA-1.png 1199w\" sizes=\"auto, (max-width: 1024px) 100vw, 1024px\" \/><\/figure>\n<\/div>\n\n\n<hr class=\"wp-block-separator has-alpha-channel-opacity\"\/>\n\n\n\n<p><\/p>\n","protected":false},"excerpt":{"rendered":"<p>Estrategia integrada de hidrogenaci\u00f3n en t\u00e1ndem para la conversi\u00f3n \u00fatil de CO\u2082 a metanol en arom\u00e1ticos<\/p>\n","protected":false},"author":1,"featured_media":0,"parent":0,"menu_order":0,"comment_status":"closed","ping_status":"closed","template":"","meta":{"two_page_speed":[],"footnotes":""},"class_list":["post-2192","page","type-page","status-publish","hentry","single-item","single-item--page"],"_links":{"self":[{"href":"https:\/\/procat.uma.es\/index.php\/wp-json\/wp\/v2\/pages\/2192","targetHints":{"allow":["GET"]}}],"collection":[{"href":"https:\/\/procat.uma.es\/index.php\/wp-json\/wp\/v2\/pages"}],"about":[{"href":"https:\/\/procat.uma.es\/index.php\/wp-json\/wp\/v2\/types\/page"}],"author":[{"embeddable":true,"href":"https:\/\/procat.uma.es\/index.php\/wp-json\/wp\/v2\/users\/1"}],"replies":[{"embeddable":true,"href":"https:\/\/procat.uma.es\/index.php\/wp-json\/wp\/v2\/comments?post=2192"}],"version-history":[{"count":4,"href":"https:\/\/procat.uma.es\/index.php\/wp-json\/wp\/v2\/pages\/2192\/revisions"}],"predecessor-version":[{"id":2206,"href":"https:\/\/procat.uma.es\/index.php\/wp-json\/wp\/v2\/pages\/2192\/revisions\/2206"}],"wp:attachment":[{"href":"https:\/\/procat.uma.es\/index.php\/wp-json\/wp\/v2\/media?parent=2192"}],"curies":[{"name":"wp","href":"https:\/\/api.w.org\/{rel}","templated":true}]}}